e d(-18). What is the greatest common divisor of 25821 and t?
171
Let n(o) = o**3 + 20*o**2 + o - 220. Let d be n(-19). What is the highest common factor of d and 17141?
61
Suppose m = 4*m - 483. Suppose -24 = -4*g - 4*y, -164*g + 3*y + 24 = -161*g. What is the highest common divisor of m and g?
7
Let c(m) = 17*m + 12. Let z be c(9). Suppose 42 + z = 3*k. Suppose 0 = h - 4*v + 7*v - 17, 0 = 3*h + 4*v - 61. Calculate the highest common factor of k and h.
23
Suppose 0*r - 27 = -3*r. Let n(v) = 7*v + 652. Let f be n(-79). What is the greatest common divisor of r and f?
9
Suppose 1490*k - 1502*k + 396 = 0. Suppose -142 = -m + i - 2*i, -5*i = -5*m + 720. What is the greatest common divisor of k and m?
11
Suppose 5*g + 5*b - 145 = 0, -98 = -4*g - 18*b + 16*b. Let p = -273 - -383. Calculate the greatest common factor of g and p.
10
Suppose 3*d = 50 - 44. Suppose 58 = 4*k + d. What is the greatest common factor of k and 70?
14
Let f(r) = 10*r**2 + 69*r + 10. Let t be f(-7). What is the greatest common divisor of 1700 and t?
17
Let u = -6998 - -7077. What is the highest common factor of u and 10033?
79
Suppose 2*b - 877 = -v, -3*b - 2355 = -4*v + 1098. Calculate the highest common divisor of v and 1683.
51
Let v be 1*2/(-12) + 2030/84. Suppose -156 + v = -4*n. Suppose -4*f + 14 = 2*j, 3*f + 4 = -5*j + 18. What is the greatest common divisor of f and n?
3
Suppose -24 = -y - 2*d, 5*y - 7*d - 152 = -9*d. Suppose 0 = -5*g - a + 799, 0 = a - 6 + 7. Calculate the highest common divisor of g and y.
32
Suppose 3*k = 9*k - 24. Suppose 5*j + 86 = 4*b, 8*j - 128 = -5*b + k*j. Let c be (2 - 65)/((-4)/(b/9)). What is the highest common divisor of 6 and c?
6
Suppose -62 = -17*b - 11. Let t(l) = -8*l + 5. Let c(y) = 3*y - 2. Let f(i) = -11*c(i) - 4*t(i). Let x be f(1). What is the highest common divisor of b and x?
1
Let r(z) = 16*z**2 + 144*z - 7. Let v be r(-9). Let k be (-87)/(-3) + (v - -8). What is the greatest common factor of k and 48?
6
Let p be (-6 + 4)/((-2)/(-5)*-1). Suppose h + p*t = -5 - 10, -5*h = -2*t - 33. Suppose 35 = h*c - 55. What is the highest common factor of c and 144?
18
Let u be (-2 - 12/(-8))*2. Let s be (u/2)/((-9)/4 + 2). Suppose i + 1 = 0, -s*i - 282 = -5*m - 10. What is the highest common divisor of m and 6?
6
Let j be (3216 + 3)/(5 + 14/(-4)). Calculate the greatest common factor of j and 232.
58
Suppose 3*w + 179 = 5*i, 92*w - 158 = -5*i + 88*w. What is the highest common divisor of 85 and i?
17
Let d(p) = -p**2 + 6*p + 2. Let l be d(3). Suppose -z = -l*z + 2520. Let n be ((-14)/6)/(2/(-24)). Calculate the highest common factor of n and z.
28
Let k be (-90)/(-9) + -2 + 914/2. Calculate the greatest common divisor of 403 and k.
31
Suppose -33 = h - 40. Let f(m) = -9*m - h*m + 3*m + 8 + 4. Let w be f(-24). Calculate the highest common divisor of w and 36.
36
Suppose 0 = -3*l + 81 + 147. Let v = 236 - l. Calculate the highest common factor of 10 and v.
10
Suppose 9*d + 4*a - 358 = 4*d, -2*d - 3*a + 146 = 0. What is the highest common factor of d and 126?
14
Suppose 74*j - 6 = 72*j. Suppose -2*x - 3*v + 61 = 0, 0*v - 157 = -5*x - j*v. What is the highest common divisor of x and 36?
4
Let z = 1627 + 171. Calculate the greatest common factor of 174 and z.
58
Let h be (-3 - 4104/16)/(-4*2/16). What is the highest common factor of 9 and h?
3
Let q be 196048/36 - (232/(-72) + 3). What is the greatest common divisor of q and 28?
14
Suppose -100*f = -s - 102*f + 520, 2*f - 8 = 0. What is the greatest common divisor of 832 and s?
64
Suppose 864*g = 874*g + 66 - 226. Let c(r) = -64*r + 8. Let h be c(-2). What is the greatest common divisor of g and h?
8
Let s be ((-100)/15*22)/(4/18). Let f be ((-2)/(-4))/((-10)/s). Calculate the greatest common factor of 3 and f.
3
Suppose -53*k = -61*k + 6528. Suppose 14*q - 8*q = k. What is the greatest common factor of q and 32?
8
Let o be (-6)/(-4) + (-25)/(-10). Suppose 2 = 2*s - o*b, 2*b - 44 + 12 = -2*s. What is the greatest common factor of 66 and s?
11
Let s(i) = 2*i**3 - 4*i**2 + 3*i + 5. Let y be s(5). Let o = 274 - y. Let c = 82 + -69. What is the highest common factor of c and o?
13
Let w = 741 + -589. Let h(u) = -u - 10. Let a be h(-12). Suppose a*v - 152 = -2*v. Calculate the highest common factor of w and v.
38
Let x = 16277 - 16274. Let m(l) = l**2 + 3*l - 1. Let i be m(-4). What is the highest common factor of x and i?
3
Let u = 19 - 8. Let s = -20545 + 20721. What is the highest common divisor of u and s?
11
Let a = -5343 + 5535. Calculate the greatest common factor of a and 5216.
32
Suppose 2*q = 2*k + 196, 163*q = 168*q - 3*k - 504. Calculate the highest common factor of 68145 and q.
105
Let z be (-3)/(-18) - 2127316/(-552). What is the greatest common factor of 82 and z?
82
Suppose 0 = -17*d + 22733 + 1084. Suppose 5*l - l + 5*c = d, -5*l + 3*c = -1705. Calculate the highest common factor of l and 43.
43
Let m be 1*-3 + -19 + 25. Let r be (-114)/(-133)*14/m. Suppose -131 = -r*y - 3*u, 4*u - 59 = -2*y + 9*u. Calculate the highest common divisor of 8 and y.
8
Let z be (-70)/(11 + 350/(-30)). Calculate the highest common divisor of 20 and z.
5
Let a(j) = -4 + 6*j**2 - 4*j - 19*j**2 + 15*j**2. Let z be a(3). Suppose z*h - 169 = -11*h. What is the greatest common factor of h and 65?
13
Let t be 7*35/49 + 5. What is the highest common divisor of 605 and t?
5
Suppose 11*o - 7*o = -96. Let n be (o/(-21))/4 - (-6)/(-21). Suppose 4*k - 48 = 2*q, n = -4*k + 7*q - 9*q + 56. What is the highest common divisor of 52 and k?
13
Suppose -2*c + 14080 = 17*c + 3*c. What is the greatest common divisor of 1680 and c?
80
Let d(q) = q**3 + 17*q**2 + 30*q + 36. Suppose 0 = -4*v + 5*c - 30 - 15, 0 = 3*v - 4*c + 33. Let r be d(v). Calculate the greatest common factor of r and 48.
12
Suppose 2*r = 10*r. Let l be ((4 - 0) + -3)*2 - r. Let v be 1/(l/(-40)*-4). What is the greatest common divisor of v and 5?
5
Let k(g) = -10*g**3 - 140*g**2 + 2*g - 38. Let w be k(-16). Calculate the greatest common factor of w and 20.
10
Let y = 11 + -6. Let m(a) = -a**2 + 15*a + 21. Let h be m(16). Suppose h*l - 11*l + 120 = 0. What is the highest common divisor of l and y?
5
Let l(u) = -58*u - 4. Let v be l(-3). Let t = v + -80. Let q = -24727 - -24737. What is the greatest common factor of q and t?
10
Suppose 3*c - 2*p = 453, 302 = 367*c - 365*c + 3*p. Calculate the highest common divisor of 4681 and c.
151
Let y(d) = 8*d**2 + 65*d - 284. Let r be y(4). What is the greatest common divisor of r and 234?
26
Let w be (-246)/(-12)*-8 - -2. Let z = w + 167. Let o be (-32 + 2)/((-9)/6). What is the greatest common divisor of z and o?
5
Let w be 3 + (13 - ((-33)/3 + 13)). What is the greatest common factor of 18277 and w?
7
Suppose 3*j - 4*m = 310, 11*j = 10*j - m + 94. Let w be (-1 + 0/2)*-58. Let y = j - w. Calculate the highest common factor of y and 10.
10
Suppose -g - 567 = -3*r, 7*g - 4*g - 5*r = -1681. Let a be g/(-18)*(-1 - -4). Calculate the highest common divisor of 23 and a.
23
Suppose 62*j + 6377 = 31177. What is the highest common factor of j and 140?
20
Suppose 1177 = 18*u - 1991. What is the highest common factor of 2552 and u?
88
Let g be -9 + (299/23 - -684). Calculate the greatest common divisor of 116 and g.
4
Suppose -586 = -9*d + 8. Suppose -j + d = -3*u, 0 = 5*j - 4*u - 0*u - 374. What is the highest common factor of 130 and j?
26
Suppose 328 = -5*a + 888. What is the highest common factor of a and 88?
8
Let g = 2479 - 1962. Calculate the highest common factor of g and 11.
11
Suppose 4*d - 3*d - 24 = 0. Let a be ((-11)/(77/(-12)))/(60/17220). Calculate the greatest common divisor of a and d.
12
Let k be (228 + -4)*(16/88 + 62/22). What is the highest common divisor of k and 840?
168
Suppose 0 = 2*b - 4*j - 16, 5*b - 68 = j + 8. Suppose -2*i - 28 = -4*m, -5*i + i = 4*m - b. Calculate the greatest common divisor of m and 60.
6
Let p = 3590 + -1505. Let k = -1441 + p. What is the highest common factor of k and 28?
28
Let h be (114072/485)/(6/560). Calculate the greatest common divisor of 96 and h.
32
Let d = -19 + 38. Let s(c) = c + 15. Let g be s(-11). Suppose y = g*y - 513. What is the greatest common factor of y and d?
19
Let c = 3111 + -2760. Calculate the greatest common divisor of c and 312.
39
Let r be ((-230)/(